*l + 7. Let f be z(6). Let k = 6 - 10. What is the units digit of (-2)/k*(3 - f)?
4
Let z(g) = 14*g + 2 - 15*g + 21*g**2 + 1 - 4. What is the tens digit of z(-1)?
2
Let g(p) = p - 2. Let d be g(3). Let q = d + -3. What is the units digit of q/(-5) - 3/(-5)?
1
Let u(m) = -22*m - 17. What is the units digit of u(-10)?
3
Let m(z) = z**3 - 8*z**2 + 8*z - 8. Let o be m(7). What is the units digit of 3 + o + 7 + 1?
0
Suppose -5*v - 2*o - 23 - 37 = 0, 3*o + 41 = -4*v. Let i = 22 - v. What is the tens digit of i?
3
Suppose 4*h = -5*o + 12, o - 2 = -2*h + 4. Suppose -h*x + 5 = 3*f - 4*f, -20 = -4*x. What is the units digit of f?
0
Let j(i) = 6*i**2 + i**3 + 3*i**2 - 1 - 5*i**2 - 6*i - 3. What is the units digit of j(-5)?
1
Let h(o) = -1 + o + o - o. What is the units digit of h(7)?
6
Let c(g) = g**3 + 4*g**2 + 4*g - 7. What is the units digit of c(5)?
8
Let j(n) = n**2 + n - 3. Let a be j(-3). What is the tens digit of a/6 + 42/4?
1
Let h(r) = -r**3 + 11*r**2 + 11*r + 17. Let l be h(12). Suppose -m - 80 = -l*y, y + 3*m = 9 + 23. What is the units digit of y?
7
Let q = 137 + -42. What is the tens digit of q?
9
Suppose -4*s = -8*s + 120. What is the tens digit of s?
3
Suppose 5*y = -4*x - x + 110, -x - 20 = -y. What is the units digit of y?
1
Let y be (-4)/3*(1 + 2). What is the units digit of (-5)/(-20) + (-39)/y?
0
Let v(a) = a**2 - 7*a. Let s be v(7). Suppose s = k - 23 + 6. Suppose -3*m + 5 = 2*m - u, -m - 3*u = -k. What is the units digit of m?
2
Suppose -90 = -0*d - 3*d. What is the units digit of d?
0
Let m(f) = -f + 8. Let g be m(7). Let h be (g + -2 - -2) + 2. What is the units digit of 2/(-6) - (-28)/h?
9
Suppose 0 = 3*q + 5*s - 31, -q = 3*s - 11 - 6. Let u be (-1 + -14)*q/(-6). Suppose u*t - 5 = -0*t. What is the units digit of t?
1
Let r(f) = 3*f. Let b be r(1). Suppose -4*c + 1 = 5. Let q = b + c. What is the units digit of q?
2
Suppose 2*n - 1 = 1. Let f = -34 + 37. Suppose 0 = 4*a - f - n. What is the units digit of a?
1
Let y(r) = 2*r + 30. What is the units digit of y(-11)?
8
Let d be 1*(0 - 82/(-2)). Suppose 5*u + d = -4*r, 2*u = -r + 7*u - 29. Let f = -6 - r. What is the units digit of f?
8
Let w(n) = -n. Let k(m) = 12*m - 1. Let p(x) = k(x) + 6*w(x). What is the units digit of p(1)?
5
Suppose 3*f - f = a + 31, -2*f = a - 29. What is the units digit of f?
5
Let a = -148 + 221. What is the units digit of a?
3
Suppose 7 = 5*u - 13. Let d = 37 + -25. Let h = d - u. What is the units digit of h?
8
Let m = -1 - -11. Let h = 34 - m. Suppose 0 = -2*f - 2*f + h. What is the units digit of f?
6
Suppose -8*i + 4*i + 182 = 2*w, -245 = -3*w + i. Let r = w + -40. What is the tens digit of r?
4
Let u(j) = -2 - j - 2*j + j + j. What is the units digit of u(-9)?
7
Let w be (-9 + 1)*3/2. Suppose -5*z - 2*z = 35. Let y = z - w. What is the units digit of y?
7
Let n(v) = -v**3 + 4*v**2 - 2. Let d be n(2). Let q be (0 + 1)*1*d. Let o = -2 + q. What is the units digit of o?
4
Let m(h) = -h**2 + 8*h + 9. Let l be m(9). Let w be ((0 - 1) + l)/1. Let b = w + 3. What is the units digit of b?
2
Let a(o) = 2*o - 3. Let b(s) = 2*s - 2. Let h(u) = 3*a(u) - 4*b(u). Let p be h(-2). What is the units digit of (p/(-4))/(1/(-8))?
6
Let a(q) = 2*q**2 - 9*q + 7. Let h be a(7). Let n be 1*h*5/10. Suppose 2*c = 3*c + r - 11, -r - n = -c. What is the units digit of c?
6
Let y(f) = -f**3 + 2*f**2 + 4*f + 1. Let j be y(3). Suppose -j*l = -3 - 97. Suppose o = 6*o - l. What is the units digit of o?
5
Suppose -2*x + y - 1102 = 3*y, -3*x = 2*y + 1652. What is the tens digit of 2/7 - x/35?
1
Let y be ((-2)/6)/(1/(-9)). Suppose 0 = y*u - 7*u. Suppose u = 6*g - 5*g - 2. What is the units digit of g?
2
Let u(k) be the first derivative of k**4/4 + k**3/3 - k**2/2 - 2*k - 3. Let o be u(0). What is the units digit of 7/o*(-6)/3?
7
Let g(v) = -v**3 + 8*v**2 + v - 7. Let t be g(8). Let u be -1*t/2*0. Suppose u = -3*l - l + 32. What is the units digit of l?
8
Suppose 0 = m + 4*y - 80, 2*y = m + y - 70. What is the units digit of m?
2
Suppose w - 60 + 13 = 0. Let a = w + -17. What is the tens digit of a?
3
Let x = 33 - 7. What is the units digit of x?
6
Suppose 5*r = 4*b + 404, b = 3*r - 330 + 82. Suppose 0*q - r = -3*q. What is the tens digit of q?
2
Let l = -9 + 38. Suppose x = 3*f + 5, 3*x = f + f + l. What is the units digit of x?
1
Suppose 5*a - 5*b - 700 = 0, 0 = 3*a - 2*b - 2*b - 424. What is the units digit of a?
6
Suppose -4*l - t + 44 = -6*t, -3*t - 11 = -l. What is the tens digit of l?
1
Let d(o) = 2*o**3 + o**2 + 1. Let i be d(2). Suppose 5*q = 6*q + i. Let x = q + 29. What is the units digit of x?
8
Suppose 0 = 5*n - 1 - 19. Suppose n*h - 6*h = -6. Suppose -h*w + 2 = -w. What is the units digit of w?
1
Let i(r) = -3*r - 1. Let y be i(-1). Suppose -y*t + t + 28 = 0. Suppose 4*g = t - 0. What is the units digit of g?
7
Let b(f) = 5*f + 7. Let g be b(6). Suppose -3*s + g + 20 = 0. What is the units digit of s?
9
Let j(u) = -u**3 + 6*u**2 - 8*u + 3. Let p be j(5). What is the tens digit of 4/p + 46/3?
1
Suppose v + 2*a - 15 = 0, 3*v = 5*v - 2*a - 6. Suppose v*z - 9*z = -66. What is the units digit of z?
3
What is the units digit of -18*((-35)/10 + -1)?
1
Suppose 3*j - 101 = n, 0 = -4*n + 9 + 7. What is the units digit of j?
5
Let y(r) = -r**3 - 3*r**2 + 3*r - 1. Let c be y(-4). What is the units digit of -6*(c + (-52)/12)?
8
Suppose 0 = 3*o - 7*o - 5*n + 921, -691 = -3*o - 4*n. What is the tens digit of o?
2
Suppose -3*b = n + 2, -b + 14 = 4*n - 0*b. Suppose -l = n*l. Let y(o) = o + 2. What is the units digit of y(l)?
2
Let i = -14 - -54. What is the units digit of i?
0
Let s(b) = b + 9. Let t be s(-4). Suppose -172 - 58 = -t*v. What is the tens digit of v?
4
Suppose 2*i + 14 = 2*p, -p - 4*i - 26 = -4*p. Suppose w = -p*w + 48. What is the tens digit of w?
1
Let i be (-2)/4*(-75 + 5). Suppose -5*r + 45 + i = 0. What is the tens digit of r?
1
Suppose 3*n + 0*o - 366 = -3*o, 3*n - o = 378. What is the tens digit of n?
2
Suppose 0 = -g - 5*b - 22, -4*g + 2*b = -2*g + 20. Suppose 0 = 2*f - 0 + 4. What is the tens digit of (g/(-3))/(f/(-6))?
1
Let n(x) = 44*x**2 + 8*x - 2. What is the hundreds digit of n(-3)?
3
Let s be (-3)/(-6) - 11/(-2). Let z be s/(-2 + 25/12). What is the tens digit of (3/(-6))/((-2)/z)?
1
Suppose 1519 = 6*f + 271. What is the tens digit of f?
0
Let n(m) be the second derivative of -m**5/20 - m**4/6 - m**3/6 - m**2/2 + 4*m. Let d be n(-2). What is the units digit of -4*(d + 11/(-2))?
8
Let t(z) = 43*z - 24. What is the tens digit of t(7)?
7
Let o(f) = 6*f + 2. Let v be o(2). Suppose 2*l + x - v = 0, -5*l = -4*x + 3*x - 21. Suppose 0*h = l*h - 10. What is the units digit of h?
2
Let t = -13 + 13. Let k = t - -8. What is the units digit of k?
8
What is the hundreds digit of (-3 - 15/(-5)) + 312?
3
Suppose c - 21 = h + 45, -2*c + 137 = 3*h. What is the units digit of c?
7
What is the units digit of (-129)/(3/2 + -3)?
6
Suppose 792 = -2*f + 11*f. What is the tens digit of f?
8
Let p(s) = s - 7. Let q be p(10). Suppose q*t = 10 + 41. What is the units digit of t?
7
Suppose 36 = 6*c - 4*c - 2*x, -5*c - 2*x + 118 = 0. Let m = 38 - c. Suppose -g = -2*u - 8, 3*g + 2*u = 8*g - m. What is the units digit of g?
2
Let f = 160 + -66. Suppose -f = -5*b - 4. What is the units digit of b?
8
Let a(f) be the second derivative of -f**5/20 + 5*f**4/6 - 2*f**3/3 - 6*f**2 + 4*f. What is the units digit of a(9)?
3
Let f = -7 - -12. Suppose 0*b = -f*b. Suppose b = 5*v - 6*v + 16. What is the tens digit of v?
1
Suppose 0 = 4*g + 4*h - 96, -4*g + 3*h + 106 = 5*h. Let n = g - 9. Suppose o = 2*b + 12, -n = -2*o + b + 2*b. What is the units digit of o?
4
Let i(l) = 6*l**3 - l**2 - l. What is the units digit of i(2)?
2
Let n = 6 - 4. Let d(p) = -2*p**n + 2*p**2 + 3*p**2 + p. What is the units digit of d(-1)?
2
Suppose -4*q + 19 + 25 = 0. Let c = q - 0. What is the units digit of c?
1
Suppose -v - 2*g = -1 - 28, 2*v = 5*g + 40. What is the tens digit of v?
2
Let t = 7 + -7. Suppose t = -5*s + 14 + 31. Suppose 3*x - 5*d + 1 - 18 = 0, d + s = 2*x. What is the units digit of x?
4
Suppose 3*m = -15, -r - 3*m + 5*m = -59. Suppose -2*w + r = -47. Suppose 5*a - 50 + 11 = -2*g, -3*g - 4*a + w = 0. What is the units digit of g?
2
Let x(o) = 3*o + 7. Let m be x(-3). What is the units digit of m/(-4)*12